{"id":644,"date":"2023-05-01T10:35:05","date_gmt":"2023-05-01T08:35:05","guid":{"rendered":"http:\/\/www.flurkunst.de\/?page_id=644"},"modified":"2023-08-28T15:34:25","modified_gmt":"2023-08-28T13:34:25","slug":"aktuelle-kuenstlerin-tatjana-oravec","status":"publish","type":"page","link":"http:\/\/www.flurkunst.de\/?page_id=644","title":{"rendered":"Tatjana Oravec"},"content":{"rendered":"\n<div class=\"wp-block-media-text alignwide is-stacked-on-mobile is-vertically-aligned-top\" style=\"grid-template-columns:36% auto\"><figure class=\"wp-block-media-text__media\"><img loading=\"lazy\" width=\"768\" height=\"1024\" src=\"http:\/\/www.flurkunst.de\/wp-content\/uploads\/2023\/04\/Frau-3-768x1024.jpg\" alt=\"\" class=\"wp-image-653 size-full\" srcset=\"http:\/\/www.flurkunst.de\/wp-content\/uploads\/2023\/04\/Frau-3-768x1024.jpg 768w, http:\/\/www.flurkunst.de\/wp-content\/uploads\/2023\/04\/Frau-3-225x300.jpg 225w, http:\/\/www.flurkunst.de\/wp-content\/uploads\/2023\/04\/Frau-3-1152x1536.jpg 1152w, http:\/\/www.flurkunst.de\/wp-content\/uploads\/2023\/04\/Frau-3-1536x2048.jpg 1536w, http:\/\/www.flurkunst.de\/wp-content\/uploads\/2023\/04\/Frau-3-scaled.jpg 1920w\" sizes=\"(max-width: 768px) 100vw, 768px\" \/><\/figure><div class=\"wp-block-media-text__content\">\n<p>Tatjana Oravecs Sohn ist um die 20, da beginnt der Krieg in der Ukraine. Als ihr klar wird, dass in der Ukraine und in Russland junge M\u00e4nner in genau diesem Alter zum Krieg eingezogen werden, packt sie das Thema. <\/p>\n\n\n\n<p>Schon fr\u00fch interessierte sich Tatjana Oravec f\u00fcr die \u00f6stlichen L\u00e4nder. Ihr Vater ist Tscheche und ihre Mutter Schw\u00e4bin. In der Schule lernte sie russisch.<\/p>\n\n\n\n<p>2022 fing sie an, sich zu informieren, Ideen zu entwickeln und diese schlie\u00dflich in Bildern umzusetzen. Entstanden sind hochaktuelle politische Bilder.<\/p>\n<\/div><\/div>\n\n\n\n<p>Mit dem ersten und letzten Bild &#8222;Front I&#8220; und &#8222;Front II&#8220; schafft die K\u00fcnstlerin in der Galerie Flurkunst einen Rahmen, in dem der Betrachter mit Versatzst\u00fccken zum Ukraine-Krieg konfrontiert wird. Genaues Hinschauen ist gefragt, um die Botschaften in den Bildern zu erkennen. So werden die Schicksale einzelner Ukrainer k\u00fcnstlerisch aufgearbeitet, aber auch Informationsschnipsel aus den Medien sowie tiefe Empfindungen Einzelner oder Vieler am Krieg Beteiligter thematisiert. <\/p>\n\n\n\n<p>Oravecs Anspruch ist es, das was sie zum Ukraine-Krieg beobachtete, recherchierte und aus der Informationsflut herausfilterte in ihren Bildern &#8222;auf den Tisch&#8220; zu bringen. Sie m\u00f6chte mit ihren Bildern zum Austausch und zum Sprechen anregen. F\u00fcr sie stellt sich dabei immer die Frage nach der Moral. Was ist richtig, was ist falsch? Was m\u00fcsste man selbst tun und reicht es einfach &#8222;nur&#8220; Bilder zu diesem brisanten Thema zu malen? So steht aus ihrer Sicht die Moral aller Beteiligter auf dem Pr\u00fcfstand.<\/p>\n\n\n\n<p>Als das Angebot kam, in der Galerie &#8222;Flurkunst&#8220; ihre Bilder auszustellen, nutzte Oravec die Gelegenheit und traute sich, ein Thema, das sie aktuell intensiv besch\u00e4ftigte, k\u00fcnstlerisch umzusetzen. Sie verwendete dabei insbesondere die Technik der Collage. So kombinierte sie literarische Texte mit Fotografien, sowie eigenen Acryl-, Wachskreide- und Tuschezeichnungen. Auf diese Weise hatte sie die M\u00f6glichkeit die einzelnen Informationen zu einem Ganzen zusammenzuf\u00fcgen.<\/p>\n\n\n\n<p>Lassen Sie sich ein, auf ein politisches Thema, das trotz allem Gr\u00e4uel in positiven und hoffnungsfrohen Farben dargestellt ist und so auch die Hoffnung auf das Gute nicht erdr\u00fcckt.<\/p>\n\n\n\n<div class=\"wp-container-5 wp-block-group\"><div class=\"wp-block-group__inner-container\">\n<div class=\"wp-container-4 wp-block-columns\">\n<div class=\"wp-container-3 wp-block-column\" style=\"flex-basis:100%\">\n<figure class=\"wp-container-2 wp-block-gallery-1 wp-block-gallery has-nested-images columns-default is-cropped\">\n<figure class=\"wp-block-image size-large\"><a href=\"http:\/\/www.flurkunst.de\/wp-content\/uploads\/2023\/04\/Werk-10.jpg\"><img loading=\"lazy\" width=\"736\" height=\"1024\" src=\"http:\/\/www.flurkunst.de\/wp-content\/uploads\/2023\/04\/Werk-10-736x1024.jpg\" alt=\"\" class=\"wp-image-656\" srcset=\"http:\/\/www.flurkunst.de\/wp-content\/uploads\/2023\/04\/Werk-10-736x1024.jpg 736w, http:\/\/www.flurkunst.de\/wp-content\/uploads\/2023\/04\/Werk-10-216x300.jpg 216w, http:\/\/www.flurkunst.de\/wp-content\/uploads\/2023\/04\/Werk-10-768x1069.jpg 768w, http:\/\/www.flurkunst.de\/wp-content\/uploads\/2023\/04\/Werk-10-1104x1536.jpg 1104w, http:\/\/www.flurkunst.de\/wp-content\/uploads\/2023\/04\/Werk-10-1472x2048.jpg 1472w, http:\/\/www.flurkunst.de\/wp-content\/uploads\/2023\/04\/Werk-10.jpg 1737w\" sizes=\"(max-width: 736px) 100vw, 736px\" \/><\/a><\/figure>\n\n\n\n<figure class=\"wp-block-image size-large\"><a href=\"http:\/\/www.flurkunst.de\/wp-content\/uploads\/2023\/04\/Werk-8-scaled.jpg\"><img loading=\"lazy\" width=\"719\" height=\"1024\" src=\"http:\/\/www.flurkunst.de\/wp-content\/uploads\/2023\/04\/Werk-8-719x1024.jpg\" alt=\"\" class=\"wp-image-657\" srcset=\"http:\/\/www.flurkunst.de\/wp-content\/uploads\/2023\/04\/Werk-8-719x1024.jpg 719w, http:\/\/www.flurkunst.de\/wp-content\/uploads\/2023\/04\/Werk-8-211x300.jpg 211w, http:\/\/www.flurkunst.de\/wp-content\/uploads\/2023\/04\/Werk-8-768x1094.jpg 768w, http:\/\/www.flurkunst.de\/wp-content\/uploads\/2023\/04\/Werk-8-1078x1536.jpg 1078w, http:\/\/www.flurkunst.de\/wp-content\/uploads\/2023\/04\/Werk-8-1438x2048.jpg 1438w, http:\/\/www.flurkunst.de\/wp-content\/uploads\/2023\/04\/Werk-8-scaled.jpg 1797w\" sizes=\"(max-width: 719px) 100vw, 719px\" \/><\/a><\/figure>\n\n\n\n<figure class=\"wp-block-image size-large\"><a href=\"http:\/\/www.flurkunst.de\/wp-content\/uploads\/2023\/04\/Werk-7.jpg\"><img loading=\"lazy\" width=\"664\" height=\"703\" src=\"http:\/\/www.flurkunst.de\/wp-content\/uploads\/2023\/04\/Werk-7.jpg\" alt=\"\" class=\"wp-image-655\" srcset=\"http:\/\/www.flurkunst.de\/wp-content\/uploads\/2023\/04\/Werk-7.jpg 664w, http:\/\/www.flurkunst.de\/wp-content\/uploads\/2023\/04\/Werk-7-283x300.jpg 283w\" sizes=\"(max-width: 664px) 100vw, 664px\" \/><\/a><\/figure>\n<\/figure>\n<\/div>\n<\/div>\n<\/div><\/div>\n","protected":false},"excerpt":{"rendered":"<p>Tatjana Oravecs Sohn ist um die 20, da beginnt der Krieg in der Ukraine. Als ihr klar wird, dass in der Ukraine und in Russland junge M\u00e4nner in genau diesem Alter zum Krieg eingezogen werden, packt sie das Thema. Schon fr\u00fch interessierte sich Tatjana Oravec f\u00fcr die \u00f6stlichen L\u00e4nder. Ihr Vater ist Tscheche und ihre [&hellip;]<\/p>\n","protected":false},"author":2,"featured_media":0,"parent":0,"menu_order":0,"comment_status":"closed","ping_status":"closed","template":"","meta":[],"_links":{"self":[{"href":"http:\/\/www.flurkunst.de\/index.php?rest_route=\/wp\/v2\/pages\/644"}],"collection":[{"href":"http:\/\/www.flurkunst.de\/index.php?rest_route=\/wp\/v2\/pages"}],"about":[{"href":"http:\/\/www.flurkunst.de\/index.php?rest_route=\/wp\/v2\/types\/page"}],"author":[{"embeddable":true,"href":"http:\/\/www.flurkunst.de\/index.php?rest_route=\/wp\/v2\/users\/2"}],"replies":[{"embeddable":true,"href":"http:\/\/www.flurkunst.de\/index.php?rest_route=%2Fwp%2Fv2%2Fcomments&post=644"}],"version-history":[{"count":9,"href":"http:\/\/www.flurkunst.de\/index.php?rest_route=\/wp\/v2\/pages\/644\/revisions"}],"predecessor-version":[{"id":694,"href":"http:\/\/www.flurkunst.de\/index.php?rest_route=\/wp\/v2\/pages\/644\/revisions\/694"}],"wp:attachment":[{"href":"http:\/\/www.flurkunst.de\/index.php?rest_route=%2Fwp%2Fv2%2Fmedia&parent=644"}],"curies":[{"name":"wp","href":"https:\/\/api.w.org\/{rel}","templated":true}]}}

<div class="wp-block-media-text alignwide is-stacked-on-mobile is-vertically-aligned-top" style="grid-template-columns:36% auto"><figure class="wp-block-media-text__media"><img loading="lazy" width="768" height="1024" src="http://www.flurkunst.de/wp-content/uploads/2023/04/Frau-3-768x1024.jpg" alt="" class="wp-image-653 size-full" srcset="http://www.flurkunst.de/wp-content/uploads/2023/04/Frau-3-768x1024.jpg 768w, http://www.flurkunst.de/wp-content/uploads/2023/04/Frau-3-225x300.jpg 225w, http://www.flurkunst.de/wp-content/uploads/2023/04/Frau-3-1152x1536.jpg 1152w, http://www.flurkunst.de/wp-content/uploads/2023/04/Frau-3-1536x2048.jpg 1536w, http://www.flurkunst.de/wp-content/uploads/2023/04/Frau-3-scaled.jpg 1920w" sizes="(max-width: 768px) 100vw, 768px" /></figure><div class="wp-block-media-text__content">
<p>Tatjana Oravecs Sohn ist um die 20, da beginnt der Krieg in der Ukraine. Als ihr klar wird, dass in der Ukraine und in Russland junge Männer in genau diesem Alter zum Krieg eingezogen werden, packt sie das Thema. </p>



<p>Schon früh interessierte sich Tatjana Oravec für die östlichen Länder. Ihr Vater ist Tscheche und ihre Mutter Schwäbin. In der Schule lernte sie russisch.</p>



<p>2022 fing sie an, sich zu informieren, Ideen zu entwickeln und diese schließlich in Bildern umzusetzen. Entstanden sind hochaktuelle politische Bilder.</p>
</div></div>



<p>Mit dem ersten und letzten Bild &#8222;Front I&#8220; und &#8222;Front II&#8220; schafft die Künstlerin in der Galerie Flurkunst einen Rahmen, in dem der Betrachter mit Versatzstücken zum Ukraine-Krieg konfrontiert wird. Genaues Hinschauen ist gefragt, um die Botschaften in den Bildern zu erkennen. So werden die Schicksale einzelner Ukrainer künstlerisch aufgearbeitet, aber auch Informationsschnipsel aus den Medien sowie tiefe Empfindungen Einzelner oder Vieler am Krieg Beteiligter thematisiert. </p>



<p>Oravecs Anspruch ist es, das was sie zum Ukraine-Krieg beobachtete, recherchierte und aus der Informationsflut herausfilterte in ihren Bildern &#8222;auf den Tisch&#8220; zu bringen. Sie möchte mit ihren Bildern zum Austausch und zum Sprechen anregen. Für sie stellt sich dabei immer die Frage nach der Moral. Was ist richtig, was ist falsch? Was müsste man selbst tun und reicht es einfach &#8222;nur&#8220; Bilder zu diesem brisanten Thema zu malen? So steht aus ihrer Sicht die Moral aller Beteiligter auf dem Prüfstand.</p>



<p>Als das Angebot kam, in der Galerie &#8222;Flurkunst&#8220; ihre Bilder auszustellen, nutzte Oravec die Gelegenheit und traute sich, ein Thema, das sie aktuell intensiv beschäftigte, künstlerisch umzusetzen. Sie verwendete dabei insbesondere die Technik der Collage. So kombinierte sie literarische Texte mit Fotografien, sowie eigenen Acryl-, Wachskreide- und Tuschezeichnungen. Auf diese Weise hatte sie die Möglichkeit die einzelnen Informationen zu einem Ganzen zusammenzufügen.</p>



<p>Lassen Sie sich ein, auf ein politisches Thema, das trotz allem Gräuel in positiven und hoffnungsfrohen Farben dargestellt ist und so auch die Hoffnung auf das Gute nicht erdrückt.</p>



<div class="wp-container-5 wp-block-group"><div class="wp-block-group__inner-container">
<div class="wp-container-4 wp-block-columns">
<div class="wp-container-3 wp-block-column" style="flex-basis:100%">
<figure class="wp-container-2 wp-block-gallery-1 wp-block-gallery has-nested-images columns-default is-cropped">
<figure class="wp-block-image size-large"><a href="http://www.flurkunst.de/wp-content/uploads/2023/04/Werk-10.jpg"><img loading="lazy" width="736" height="1024" src="http://www.flurkunst.de/wp-content/uploads/2023/04/Werk-10-736x1024.jpg" alt="" class="wp-image-656" srcset="http://www.flurkunst.de/wp-content/uploads/2023/04/Werk-10-736x1024.jpg 736w, http://www.flurkunst.de/wp-content/uploads/2023/04/Werk-10-216x300.jpg 216w, http://www.flurkunst.de/wp-content/uploads/2023/04/Werk-10-768x1069.jpg 768w, http://www.flurkunst.de/wp-content/uploads/2023/04/Werk-10-1104x1536.jpg 1104w, http://www.flurkunst.de/wp-content/uploads/2023/04/Werk-10-1472x2048.jpg 1472w, http://www.flurkunst.de/wp-content/uploads/2023/04/Werk-10.jpg 1737w" sizes="(max-width: 736px) 100vw, 736px" /></a></figure>



<figure class="wp-block-image size-large"><a href="http://www.flurkunst.de/wp-content/uploads/2023/04/Werk-8-scaled.jpg"><img loading="lazy" width="719" height="1024" src="http://www.flurkunst.de/wp-content/uploads/2023/04/Werk-8-719x1024.jpg" alt="" class="wp-image-657" srcset="http://www.flurkunst.de/wp-content/uploads/2023/04/Werk-8-719x1024.jpg 719w, http://www.flurkunst.de/wp-content/uploads/2023/04/Werk-8-211x300.jpg 211w, http://www.flurkunst.de/wp-content/uploads/2023/04/Werk-8-768x1094.jpg 768w, http://www.flurkunst.de/wp-content/uploads/2023/04/Werk-8-1078x1536.jpg 1078w, http://www.flurkunst.de/wp-content/uploads/2023/04/Werk-8-1438x2048.jpg 1438w, http://www.flurkunst.de/wp-content/uploads/2023/04/Werk-8-scaled.jpg 1797w" sizes="(max-width: 719px) 100vw, 719px" /></a></figure>



<figure class="wp-block-image size-large"><a href="http://www.flurkunst.de/wp-content/uploads/2023/04/Werk-7.jpg"><img loading="lazy" width="664" height="703" src="http://www.flurkunst.de/wp-content/uploads/2023/04/Werk-7.jpg" alt="" class="wp-image-655" srcset="http://www.flurkunst.de/wp-content/uploads/2023/04/Werk-7.jpg 664w, http://www.flurkunst.de/wp-content/uploads/2023/04/Werk-7-283x300.jpg 283w" sizes="(max-width: 664px) 100vw, 664px" /></a></figure>
</figure>
</div>
</div>
</div></div>

<p>Tatjana Oravecs Sohn ist um die 20, da beginnt der Krieg in der Ukraine. Als ihr klar wird, dass in der Ukraine und in Russland junge Männer in genau diesem Alter zum Krieg eingezogen werden, packt sie das Thema. Schon früh interessierte sich Tatjana Oravec für die östlichen Länder. Ihr Vater ist Tscheche und ihre [&hellip;]</p>
