{"id":478,"date":"2021-09-26T15:44:02","date_gmt":"2021-09-26T13:44:02","guid":{"rendered":"http:\/\/www.flurkunst.de\/?page_id=478"},"modified":"2022-09-03T10:29:41","modified_gmt":"2022-09-03T08:29:41","slug":"demnaechst-andrea-hecker","status":"publish","type":"page","link":"http:\/\/www.flurkunst.de\/?page_id=478","title":{"rendered":"Andrea Hecker"},"content":{"rendered":"\n<h2><\/h2>\n\n\n<div class=\"wp-block-image\">\n<figure class=\"alignleft size-medium\"><a href=\"http:\/\/www.flurkunst.de\/wp-content\/uploads\/2021\/10\/Portraet-Andrea-jpg.jpg\"><img loading=\"lazy\" width=\"300\" height=\"225\" src=\"http:\/\/www.flurkunst.de\/wp-content\/uploads\/2021\/10\/Portraet-Andrea-jpg-300x225.jpg\" alt=\"\" class=\"wp-image-489\" srcset=\"http:\/\/www.flurkunst.de\/wp-content\/uploads\/2021\/10\/Portraet-Andrea-jpg-300x225.jpg 300w, http:\/\/www.flurkunst.de\/wp-content\/uploads\/2021\/10\/Portraet-Andrea-jpg-1024x768.jpg 1024w, http:\/\/www.flurkunst.de\/wp-content\/uploads\/2021\/10\/Portraet-Andrea-jpg-768x576.jpg 768w, http:\/\/www.flurkunst.de\/wp-content\/uploads\/2021\/10\/Portraet-Andrea-jpg-1536x1152.jpg 1536w, http:\/\/www.flurkunst.de\/wp-content\/uploads\/2021\/10\/Portraet-Andrea-jpg.jpg 1599w\" sizes=\"(max-width: 300px) 100vw, 300px\" \/><\/a><\/figure><\/div>\n\n\n<p><strong>Andrea Hecker<\/strong> ist Sonderschullehrerin. Sie hat schon in der Schule angefangen zu malen. Im Kunst-LK in der Oberstufe konnte sie  ihr Wissen und K\u00f6nnen vertiefen. Als sie mit dem Studiengang &#8222;Sonderp\u00e4dagogik&#8220; begann, war klar, dass ein Studienfach unbedingt Kunst sein musste. Hier lernte sie verschiedene Techniken kennen, probierte, kombinierte und vertiefte ihr Wissen. <\/p>\n\n\n\n<p>Als Lehrerin und als K\u00fcnstlerin ist ihr wichtig das Wahrnehmen zu schulen. \u00dcber genaues Hinschauen und Beobachten taucht sie in eine andere Welt ein. Gute technische Ausf\u00fchrung ist ihr dabei wichtig. Am besten sei sie allerdings, wenn sie sich nicht zu lange mit einem Kunstwerk besch\u00e4ftige. Tats\u00e4chlich scheint dann das Gesehene aus ihr herauszuflie\u00dfen und sich in ausdrucksstarke Zeichnungen und Gem\u00e4lde zu verwandeln, die es lohnt anzuschauen.<\/p>\n\n\n\n<p><strong>&#8222;Kunstreise durch mein Leben&#8220;<\/strong><\/p>\n\n\n\n<p><\/p>\n\n\n\n<div class=\"wp-container-3 wp-block-columns\">\n<div class=\"wp-container-1 wp-block-column\" style=\"flex-basis:50%\">\n<figure class=\"wp-block-image size-large is-resized\"><img loading=\"lazy\" src=\"http:\/\/www.flurkunst.de\/wp-content\/uploads\/2021\/10\/Andrea_Hecker_Kunstreise_Poster_A2-3-724x1024.jpg\" alt=\"\" class=\"wp-image-501\" width=\"401\" height=\"567\" srcset=\"http:\/\/www.flurkunst.de\/wp-content\/uploads\/2021\/10\/Andrea_Hecker_Kunstreise_Poster_A2-3-724x1024.jpg 724w, http:\/\/www.flurkunst.de\/wp-content\/uploads\/2021\/10\/Andrea_Hecker_Kunstreise_Poster_A2-3-212x300.jpg 212w, http:\/\/www.flurkunst.de\/wp-content\/uploads\/2021\/10\/Andrea_Hecker_Kunstreise_Poster_A2-3-768x1086.jpg 768w, http:\/\/www.flurkunst.de\/wp-content\/uploads\/2021\/10\/Andrea_Hecker_Kunstreise_Poster_A2-3-1086x1536.jpg 1086w, http:\/\/www.flurkunst.de\/wp-content\/uploads\/2021\/10\/Andrea_Hecker_Kunstreise_Poster_A2-3.jpg 1190w\" sizes=\"(max-width: 401px) 100vw, 401px\" \/><\/figure>\n<\/div>\n\n\n\n<div class=\"wp-container-2 wp-block-column\" style=\"flex-basis:50%\">\n<p><\/p>\n\n\n\n<p>In den Etagen der Galerie &#8222;Flurkunst&#8220; kommen die verschiedenen Techniken und Stile, die Andrea Hecker verwendet wunderbar zur Geltung: <\/p>\n\n\n\n<p>Zu sehen sind <strong>aktuelle Aquarelle<\/strong>, die sich durch filigrane und sanfte Linienf\u00fchrung sowie durch eine zarte Farbgebung auszeichnen. Bevorzugte Motive sind hier Landschaften und B\u00e4ume. <\/p>\n\n\n\n<p>Eine ganz andere Technik wird bei den <strong>Aktzeichnungen und Portr\u00e4ts<\/strong> verwendet. Hier herrschen kr\u00e4ftige Striche und klare Konturen mit Kohle oder Fineliner vor.  Die Zeichnungen sind w\u00e4hrend des Studiums oder in Mappenkursen in Biberach entstanden. <\/p>\n<\/div>\n<\/div>\n\n\n\n<div class=\"wp-container-5 wp-block-columns\">\n<div class=\"wp-container-4 wp-block-column\" style=\"flex-basis:100%\">\n<p>Auch <strong>Drucke<\/strong> aus der Studienzeit sind zu sehen. Sie sind deutlich aus einer anderen Schaffensperiode wie die bisher beschriebenen Werke. Ihre kontrastreiche, ausdrucksstarke Art und die Gestaltung mit dunkler Druckerfarbe ziehen den Betrachter in den Bann. Nicht zuletzt werden fr\u00fche Aquarelle gezeigt, die bereits Andrea Heckers fr\u00fches k\u00fcnstlerisches Potential aufzeigen. Auf einem Gang durch Flur und Etagen kann mit offenen Augen eine Kunstreise durch Andrea Heckers k\u00fcnstlerisches Wirken gemacht werden. Wir freuen uns auf Sie.<\/p>\n<\/div>\n<\/div>\n\n\n\n<p><\/p>\n","protected":false},"excerpt":{"rendered":"<p>Andrea Hecker ist Sonderschullehrerin. Sie hat schon in der Schule angefangen zu malen. Im Kunst-LK in der Oberstufe konnte sie ihr Wissen und K\u00f6nnen vertiefen. Als sie mit dem Studiengang &#8222;Sonderp\u00e4dagogik&#8220; begann, war klar, dass ein Studienfach unbedingt Kunst sein musste. Hier lernte sie verschiedene Techniken kennen, probierte, kombinierte und vertiefte ihr Wissen. Als Lehrerin [&hellip;]<\/p>\n","protected":false},"author":2,"featured_media":0,"parent":0,"menu_order":0,"comment_status":"closed","ping_status":"closed","template":"","meta":[],"_links":{"self":[{"href":"http:\/\/www.flurkunst.de\/index.php?rest_route=\/wp\/v2\/pages\/478"}],"collection":[{"href":"http:\/\/www.flurkunst.de\/index.php?rest_route=\/wp\/v2\/pages"}],"about":[{"href":"http:\/\/www.flurkunst.de\/index.php?rest_route=\/wp\/v2\/types\/page"}],"author":[{"embeddable":true,"href":"http:\/\/www.flurkunst.de\/index.php?rest_route=\/wp\/v2\/users\/2"}],"replies":[{"embeddable":true,"href":"http:\/\/www.flurkunst.de\/index.php?rest_route=%2Fwp%2Fv2%2Fcomments&post=478"}],"version-history":[{"count":15,"href":"http:\/\/www.flurkunst.de\/index.php?rest_route=\/wp\/v2\/pages\/478\/revisions"}],"predecessor-version":[{"id":581,"href":"http:\/\/www.flurkunst.de\/index.php?rest_route=\/wp\/v2\/pages\/478\/revisions\/581"}],"wp:attachment":[{"href":"http:\/\/www.flurkunst.de\/index.php?rest_route=%2Fwp%2Fv2%2Fmedia&parent=478"}],"curies":[{"name":"wp","href":"https:\/\/api.w.org\/{rel}","templated":true}]}}