{"id":444,"date":"2020-08-01T21:51:55","date_gmt":"2020-08-01T19:51:55","guid":{"rendered":"http:\/\/www.flurkunst.de\/?page_id=444"},"modified":"2021-09-26T15:05:56","modified_gmt":"2021-09-26T13:05:56","slug":"aktuelle-kuenstlerin","status":"publish","type":"page","link":"http:\/\/www.flurkunst.de\/?page_id=444","title":{"rendered":"Gabriela Wyland"},"content":{"rendered":"\n<div class=\"wp-container-2 wp-block-group\"><div class=\"wp-block-group__inner-container\">\n<div class=\"wp-container-1 wp-block-group\"><div class=\"wp-block-group__inner-container\">\n<div class=\"wp-block-image\"><figure class=\"alignleft size-large is-resized\"><img loading=\"lazy\" src=\"http:\/\/www.flurkunst.de\/wp-content\/uploads\/2020\/08\/Portrait2-801x1024.jpg\" alt=\"\" class=\"wp-image-448\" width=\"200\" height=\"256\" srcset=\"http:\/\/www.flurkunst.de\/wp-content\/uploads\/2020\/08\/Portrait2-801x1024.jpg 801w, http:\/\/www.flurkunst.de\/wp-content\/uploads\/2020\/08\/Portrait2-235x300.jpg 235w, http:\/\/www.flurkunst.de\/wp-content\/uploads\/2020\/08\/Portrait2-768x982.jpg 768w, http:\/\/www.flurkunst.de\/wp-content\/uploads\/2020\/08\/Portrait2.jpg 1146w\" sizes=\"(max-width: 200px) 100vw, 200px\" \/><\/figure><\/div>\n<\/div><\/div>\n<\/div><\/div>\n\n\n<p><strong>Gabriela Wyland<\/strong> (Jahrgang 1979) ist Montessori-Lehrerin. In Fotokursen bei der VHS und in der Sommerakademie Neuburg\/Alfter (Bonn) hat sie ihr fotografisches Wissen vertieft.<\/p>\n<p>Das faszinierende am Fotografieren ist f\u00fcr die K\u00fcnstlerin der Blick auf Details und Ausschnitte. Auf Reisen kann Gabriela Wyland so den Blick f\u00fcr die Gegend sch\u00e4rfen und sie bisweilen anders sehen. Die Kamera wirkt f\u00fcr sie hierbei wie ein Brennglas, die Eindr\u00fccken auf das Wesentliche b\u00fcndelt und durch das genaue Hinsehen ungeahnte Details er\u00f6ffnet. Auf diese Weise entsteht f\u00fcr sie die M\u00f6glichkeit, in Allt\u00e4glichem Neues zu sehen.<\/p>\n<p>Es geht f\u00fcr sie darum, auch Nebens\u00e4chlichkeiten in den Fokus zu nehmen. Nebens\u00e4chlichkeiten oder Gegenst\u00e4nde, die etwas erlebt haben. So sucht sie das Sch\u00f6ne in Verbrauchtem, Abgelegtem oder Benutztem.<\/p>\n<p>Die ausgestellten Bilder sind haupts\u00e4chlich im asiatischen und europ\u00e4ischen Raum entstanden. Besonders ist dabei, dass die Bilder durch den Hintergrund aus Holz einen ganz eigenen Charakter bekommen.<\/p>\n<p>Motive sind Menschen in Alltagsszenen (teilweise auch religi\u00f6sen Kontexten), alte Gegenst\u00e4nde wie T\u00fcren oder Schl\u00f6sser, sowie Details von Maschinen.<\/p>\n<p><\/p>\n\n\n<figure class=\"wp-container-4 wp-block-gallery-3 wp-block-gallery columns-2 is-cropped\"><ul class=\"blocks-gallery-grid\"><li class=\"blocks-gallery-item\"><figure><img loading=\"lazy\" width=\"1024\" height=\"768\" src=\"http:\/\/www.flurkunst.de\/wp-content\/uploads\/2020\/08\/Graffiti-1024x768.jpg\" alt=\"\" data-id=\"468\" data-link=\"http:\/\/www.flurkunst.de\/?attachment_id=468\" class=\"wp-image-468\" srcset=\"http:\/\/www.flurkunst.de\/wp-content\/uploads\/2020\/08\/Graffiti-1024x768.jpg 1024w, http:\/\/www.flurkunst.de\/wp-content\/uploads\/2020\/08\/Graffiti-300x225.jpg 300w, http:\/\/www.flurkunst.de\/wp-content\/uploads\/2020\/08\/Graffiti-768x576.jpg 768w, http:\/\/www.flurkunst.de\/wp-content\/uploads\/2020\/08\/Graffiti-1536x1152.jpg 1536w, http:\/\/www.flurkunst.de\/wp-content\/uploads\/2020\/08\/Graffiti-2048x1536.jpg 2048w\" sizes=\"(max-width: 1024px) 100vw, 1024px\" \/><figcaption class=\"blocks-gallery-item__caption\">Identit\u00e4t<\/figcaption><\/figure><\/li><li class=\"blocks-gallery-item\"><figure><img loading=\"lazy\" width=\"1024\" height=\"575\" src=\"http:\/\/www.flurkunst.de\/wp-content\/uploads\/2020\/08\/Kneipp-1024x575.jpg\" alt=\"\" data-id=\"469\" data-link=\"http:\/\/www.flurkunst.de\/?attachment_id=469\" class=\"wp-image-469\" srcset=\"http:\/\/www.flurkunst.de\/wp-content\/uploads\/2020\/08\/Kneipp-1024x575.jpg 1024w, http:\/\/www.flurkunst.de\/wp-content\/uploads\/2020\/08\/Kneipp-300x168.jpg 300w, http:\/\/www.flurkunst.de\/wp-content\/uploads\/2020\/08\/Kneipp-768x431.jpg 768w, http:\/\/www.flurkunst.de\/wp-content\/uploads\/2020\/08\/Kneipp-1536x863.jpg 1536w, http:\/\/www.flurkunst.de\/wp-content\/uploads\/2020\/08\/Kneipp-2048x1150.jpg 2048w\" sizes=\"(max-width: 1024px) 100vw, 1024px\" \/><figcaption class=\"blocks-gallery-item__caption\">Waldimpression<\/figcaption><\/figure><\/li><li class=\"blocks-gallery-item\"><figure><img loading=\"lazy\" width=\"1024\" height=\"806\" src=\"http:\/\/www.flurkunst.de\/wp-content\/uploads\/2020\/08\/Schlo\u0308sser-1-1024x806.jpg\" alt=\"\" data-id=\"472\" data-full-url=\"http:\/\/www.flurkunst.de\/wp-content\/uploads\/2020\/08\/Schlo\u0308sser-1-scaled.jpg\" data-link=\"http:\/\/www.flurkunst.de\/?attachment_id=472\" class=\"wp-image-472\" srcset=\"http:\/\/www.flurkunst.de\/wp-content\/uploads\/2020\/08\/Schlo\u0308sser-1-1024x806.jpg 1024w, http:\/\/www.flurkunst.de\/wp-content\/uploads\/2020\/08\/Schlo\u0308sser-1-300x236.jpg 300w, http:\/\/www.flurkunst.de\/wp-content\/uploads\/2020\/08\/Schlo\u0308sser-1-768x604.jpg 768w, http:\/\/www.flurkunst.de\/wp-content\/uploads\/2020\/08\/Schlo\u0308sser-1-1536x1209.jpg 1536w, http:\/\/www.flurkunst.de\/wp-content\/uploads\/2020\/08\/Schlo\u0308sser-1-2048x1611.jpg 2048w\" sizes=\"(max-width: 1024px) 100vw, 1024px\" \/><figcaption class=\"blocks-gallery-item__caption\">Verschl\u00fcsselt<\/figcaption><\/figure><\/li><li class=\"blocks-gallery-item\"><figure><img loading=\"lazy\" width=\"575\" height=\"1024\" src=\"http:\/\/www.flurkunst.de\/wp-content\/uploads\/2020\/08\/Tu\u0308re-575x1024.jpg\" alt=\"\" data-id=\"471\" data-link=\"http:\/\/www.flurkunst.de\/?attachment_id=471\" class=\"wp-image-471\" srcset=\"http:\/\/www.flurkunst.de\/wp-content\/uploads\/2020\/08\/Tu\u0308re-575x1024.jpg 575w, http:\/\/www.flurkunst.de\/wp-content\/uploads\/2020\/08\/Tu\u0308re-168x300.jpg 168w, http:\/\/www.flurkunst.de\/wp-content\/uploads\/2020\/08\/Tu\u0308re-768x1368.jpg 768w, http:\/\/www.flurkunst.de\/wp-content\/uploads\/2020\/08\/Tu\u0308re-863x1536.jpg 863w, http:\/\/www.flurkunst.de\/wp-content\/uploads\/2020\/08\/Tu\u0308re-1150x2048.jpg 1150w, http:\/\/www.flurkunst.de\/wp-content\/uploads\/2020\/08\/Tu\u0308re-scaled.jpg 1438w\" sizes=\"(max-width: 575px) 100vw, 575px\" \/><\/figure><\/li><\/ul><\/figure>\n","protected":false},"excerpt":{"rendered":"<p>Gabriela Wyland (Jahrgang 1979) ist Montessori-Lehrerin. In Fotokursen bei der VHS und in der Sommerakademie Neuburg\/Alfter (Bonn) hat sie ihr fotografisches Wissen vertieft. Das faszinierende am Fotografieren ist f\u00fcr die K\u00fcnstlerin der Blick auf Details und Ausschnitte. Auf Reisen kann Gabriela Wyland so den Blick f\u00fcr die Gegend sch\u00e4rfen und sie bisweilen anders sehen. Die [&hellip;]<\/p>\n","protected":false},"author":2,"featured_media":0,"parent":0,"menu_order":0,"comment_status":"closed","ping_status":"closed","template":"","meta":[],"_links":{"self":[{"href":"http:\/\/www.flurkunst.de\/index.php?rest_route=\/wp\/v2\/pages\/444"}],"collection":[{"href":"http:\/\/www.flurkunst.de\/index.php?rest_route=\/wp\/v2\/pages"}],"about":[{"href":"http:\/\/www.flurkunst.de\/index.php?rest_route=\/wp\/v2\/types\/page"}],"author":[{"embeddable":true,"href":"http:\/\/www.flurkunst.de\/index.php?rest_route=\/wp\/v2\/users\/2"}],"replies":[{"embeddable":true,"href":"http:\/\/www.flurkunst.de\/index.php?rest_route=%2Fwp%2Fv2%2Fcomments&post=444"}],"version-history":[{"count":5,"href":"http:\/\/www.flurkunst.de\/index.php?rest_route=\/wp\/v2\/pages\/444\/revisions"}],"predecessor-version":[{"id":483,"href":"http:\/\/www.flurkunst.de\/index.php?rest_route=\/wp\/v2\/pages\/444\/revisions\/483"}],"wp:attachment":[{"href":"http:\/\/www.flurkunst.de\/index.php?rest_route=%2Fwp%2Fv2%2Fmedia&parent=444"}],"curies":[{"name":"wp","href":"https:\/\/api.w.org\/{rel}","templated":true}]}}

<div class="wp-container-2 wp-block-group"><div class="wp-block-group__inner-container">
<div class="wp-container-1 wp-block-group"><div class="wp-block-group__inner-container">
<div class="wp-block-image"><figure class="alignleft size-large is-resized"><img loading="lazy" src="http://www.flurkunst.de/wp-content/uploads/2020/08/Portrait2-801x1024.jpg" alt="" class="wp-image-448" width="200" height="256" srcset="http://www.flurkunst.de/wp-content/uploads/2020/08/Portrait2-801x1024.jpg 801w, http://www.flurkunst.de/wp-content/uploads/2020/08/Portrait2-235x300.jpg 235w, http://www.flurkunst.de/wp-content/uploads/2020/08/Portrait2-768x982.jpg 768w, http://www.flurkunst.de/wp-content/uploads/2020/08/Portrait2.jpg 1146w" sizes="(max-width: 200px) 100vw, 200px" /></figure></div>
</div></div>
</div></div>


<p><strong>Gabriela Wyland</strong> (Jahrgang 1979) ist Montessori-Lehrerin. In Fotokursen bei der VHS und in der Sommerakademie Neuburg/Alfter (Bonn) hat sie ihr fotografisches Wissen vertieft.</p>
<p>Das faszinierende am Fotografieren ist für die Künstlerin der Blick auf Details und Ausschnitte. Auf Reisen kann Gabriela Wyland so den Blick für die Gegend schärfen und sie bisweilen anders sehen. Die Kamera wirkt für sie hierbei wie ein Brennglas, die Eindrücken auf das Wesentliche bündelt und durch das genaue Hinsehen ungeahnte Details eröffnet. Auf diese Weise entsteht für sie die Möglichkeit, in Alltäglichem Neues zu sehen.</p>
<p>Es geht für sie darum, auch Nebensächlichkeiten in den Fokus zu nehmen. Nebensächlichkeiten oder Gegenstände, die etwas erlebt haben. So sucht sie das Schöne in Verbrauchtem, Abgelegtem oder Benutztem.</p>
<p>Die ausgestellten Bilder sind hauptsächlich im asiatischen und europäischen Raum entstanden. Besonders ist dabei, dass die Bilder durch den Hintergrund aus Holz einen ganz eigenen Charakter bekommen.</p>
<p>Motive sind Menschen in Alltagsszenen (teilweise auch religiösen Kontexten), alte Gegenstände wie Türen oder Schlösser, sowie Details von Maschinen.</p>
<p></p>


<figure class="wp-container-4 wp-block-gallery-3 wp-block-gallery columns-2 is-cropped"><ul class="blocks-gallery-grid"><li class="blocks-gallery-item"><figure><img loading="lazy" width="1024" height="768" src="http://www.flurkunst.de/wp-content/uploads/2020/08/Graffiti-1024x768.jpg" alt="" data-id="468" data-link="http://www.flurkunst.de/?attachment_id=468" class="wp-image-468" srcset="http://www.flurkunst.de/wp-content/uploads/2020/08/Graffiti-1024x768.jpg 1024w, http://www.flurkunst.de/wp-content/uploads/2020/08/Graffiti-300x225.jpg 300w, http://www.flurkunst.de/wp-content/uploads/2020/08/Graffiti-768x576.jpg 768w, http://www.flurkunst.de/wp-content/uploads/2020/08/Graffiti-1536x1152.jpg 1536w, http://www.flurkunst.de/wp-content/uploads/2020/08/Graffiti-2048x1536.jpg 2048w" sizes="(max-width: 1024px) 100vw, 1024px" /><figcaption class="blocks-gallery-item__caption">Identität</figcaption></figure></li><li class="blocks-gallery-item"><figure><img loading="lazy" width="1024" height="575" src="http://www.flurkunst.de/wp-content/uploads/2020/08/Kneipp-1024x575.jpg" alt="" data-id="469" data-link="http://www.flurkunst.de/?attachment_id=469" class="wp-image-469" srcset="http://www.flurkunst.de/wp-content/uploads/2020/08/Kneipp-1024x575.jpg 1024w, http://www.flurkunst.de/wp-content/uploads/2020/08/Kneipp-300x168.jpg 300w, http://www.flurkunst.de/wp-content/uploads/2020/08/Kneipp-768x431.jpg 768w, http://www.flurkunst.de/wp-content/uploads/2020/08/Kneipp-1536x863.jpg 1536w, http://www.flurkunst.de/wp-content/uploads/2020/08/Kneipp-2048x1150.jpg 2048w" sizes="(max-width: 1024px) 100vw, 1024px" /><figcaption class="blocks-gallery-item__caption">Waldimpression</figcaption></figure></li><li class="blocks-gallery-item"><figure><img loading="lazy" width="1024" height="806" src="http://www.flurkunst.de/wp-content/uploads/2020/08/Schlösser-1-1024x806.jpg" alt="" data-id="472" data-full-url="http://www.flurkunst.de/wp-content/uploads/2020/08/Schlösser-1-scaled.jpg" data-link="http://www.flurkunst.de/?attachment_id=472" class="wp-image-472" srcset="http://www.flurkunst.de/wp-content/uploads/2020/08/Schlösser-1-1024x806.jpg 1024w, http://www.flurkunst.de/wp-content/uploads/2020/08/Schlösser-1-300x236.jpg 300w, http://www.flurkunst.de/wp-content/uploads/2020/08/Schlösser-1-768x604.jpg 768w, http://www.flurkunst.de/wp-content/uploads/2020/08/Schlösser-1-1536x1209.jpg 1536w, http://www.flurkunst.de/wp-content/uploads/2020/08/Schlösser-1-2048x1611.jpg 2048w" sizes="(max-width: 1024px) 100vw, 1024px" /><figcaption class="blocks-gallery-item__caption">Verschlüsselt</figcaption></figure></li><li class="blocks-gallery-item"><figure><img loading="lazy" width="575" height="1024" src="http://www.flurkunst.de/wp-content/uploads/2020/08/Türe-575x1024.jpg" alt="" data-id="471" data-link="http://www.flurkunst.de/?attachment_id=471" class="wp-image-471" srcset="http://www.flurkunst.de/wp-content/uploads/2020/08/Türe-575x1024.jpg 575w, http://www.flurkunst.de/wp-content/uploads/2020/08/Türe-168x300.jpg 168w, http://www.flurkunst.de/wp-content/uploads/2020/08/Türe-768x1368.jpg 768w, http://www.flurkunst.de/wp-content/uploads/2020/08/Türe-863x1536.jpg 863w, http://www.flurkunst.de/wp-content/uploads/2020/08/Türe-1150x2048.jpg 1150w, http://www.flurkunst.de/wp-content/uploads/2020/08/Türe-scaled.jpg 1438w" sizes="(max-width: 575px) 100vw, 575px" /></figure></li></ul></figure>

<p>Gabriela Wyland (Jahrgang 1979) ist Montessori-Lehrerin. In Fotokursen bei der VHS und in der Sommerakademie Neuburg/Alfter (Bonn) hat sie ihr fotografisches Wissen vertieft. Das faszinierende am Fotografieren ist für die Künstlerin der Blick auf Details und Ausschnitte. Auf Reisen kann Gabriela Wyland so den Blick für die Gegend schärfen und sie bisweilen anders sehen. Die [&hellip;]</p>
