{"id":198,"date":"2018-04-28T17:44:22","date_gmt":"2018-04-28T15:44:22","guid":{"rendered":"http:\/\/www.flurkunst.de\/?page_id=198"},"modified":"2018-05-16T17:38:04","modified_gmt":"2018-05-16T15:38:04","slug":"joerg-rinninsland","status":"publish","type":"page","link":"http:\/\/www.flurkunst.de\/?page_id=198","title":{"rendered":"J\u00f6rg Rinninsland"},"content":{"rendered":"<p><a href=\"http:\/\/www.flurkunst.de\/wp-content\/uploads\/2017\/08\/DSC05856.jpg\"><img loading=\"lazy\" class=\"alignleft wp-image-142\" src=\"http:\/\/www.flurkunst.de\/wp-content\/uploads\/2017\/08\/DSC05856-1024x683.jpg\" alt=\"\" width=\"389\" height=\"259\" srcset=\"http:\/\/www.flurkunst.de\/wp-content\/uploads\/2017\/08\/DSC05856-1024x683.jpg 1024w, http:\/\/www.flurkunst.de\/wp-content\/uploads\/2017\/08\/DSC05856-300x200.jpg 300w, http:\/\/www.flurkunst.de\/wp-content\/uploads\/2017\/08\/DSC05856-768x512.jpg 768w, http:\/\/www.flurkunst.de\/wp-content\/uploads\/2017\/08\/DSC05856.jpg 1920w\" sizes=\"(max-width: 389px) 100vw, 389px\" \/><\/a><\/p>\n<p>J\u00f6rg Rinninsland (Jahrgang 1958) ist Lehrer und Kunsttherapeut. Von fr\u00fcher Kindheit an war das eigene Malen, gef\u00f6rdert durch den Vater, selbstverst\u00e4ndlicher Bestandteil seines Lebens. Als Krankenhausschullehrer stand das Begleiten des Malens der Rehabiltanden und schlie\u00dflich die Ausstellung der entstandenen Bilder lange Zeit im Vordergrund. Auch die Ausstellung junger K\u00fcnstler in der jungen Galerie in Gailingen lagen und liegen ihm am Herzen (<a href=\"http:\/\/www.jungegalerie.de\">www.jungegalerie.de<\/a>). Seit der Jahrtausendwende gewann f\u00fcr ihn das eigene Malen wieder mehr an Bedeutung.<\/p>\n<h2><\/h2>\n<h2><a href=\"http:\/\/flurkunst.de\/wp-content\/uploads\/2017\/08\/Gl\u00fccksportraits-Plakatbild.png\"><img loading=\"lazy\" class=\"wp-image-23 aligncenter\" src=\"http:\/\/flurkunst.de\/wp-content\/uploads\/2017\/08\/Gl\u00fccksportraits-Plakatbild-192x300.png\" alt=\"\" width=\"300\" height=\"469\" srcset=\"http:\/\/www.flurkunst.de\/wp-content\/uploads\/2017\/08\/Gl\u00fccksportraits-Plakatbild-192x300.png 192w, http:\/\/www.flurkunst.de\/wp-content\/uploads\/2017\/08\/Gl\u00fccksportraits-Plakatbild-654x1024.png 654w, http:\/\/www.flurkunst.de\/wp-content\/uploads\/2017\/08\/Gl\u00fccksportraits-Plakatbild.png 718w\" sizes=\"(max-width: 300px) 100vw, 300px\" \/><\/a><\/h2>\n<p>In 23 sehr variantenreichen Portraits von Kleebl\u00e4ttern, die sich in Untergrund, Maltechnik, Farbe und inhaltlich voneinander unterscheiden, kommt J\u00f6rg Rinninsland dem Gl\u00fcck in seinen verschiedenen Nuancen ein bi\u00dfchen n\u00e4her.<\/p>\n<p><a href=\"http:\/\/flurkunst.de\/wp-content\/uploads\/2017\/08\/flurkunst-2017-lN-176-Vierblatt-Mischtechnik-auf-Leinwand-63x63.jpg\"><img loading=\"lazy\" class=\"alignnone wp-image-20\" src=\"http:\/\/flurkunst.de\/wp-content\/uploads\/2017\/08\/flurkunst-2017-lN-176-Vierblatt-Mischtechnik-auf-Leinwand-63x63-297x300.jpg\" alt=\"\" width=\"191\" height=\"193\" srcset=\"http:\/\/www.flurkunst.de\/wp-content\/uploads\/2017\/08\/flurkunst-2017-lN-176-Vierblatt-Mischtechnik-auf-Leinwand-63x63-297x300.jpg 297w, http:\/\/www.flurkunst.de\/wp-content\/uploads\/2017\/08\/flurkunst-2017-lN-176-Vierblatt-Mischtechnik-auf-Leinwand-63x63-60x60.jpg 60w, http:\/\/www.flurkunst.de\/wp-content\/uploads\/2017\/08\/flurkunst-2017-lN-176-Vierblatt-Mischtechnik-auf-Leinwand-63x63.jpg 495w\" sizes=\"(max-width: 191px) 100vw, 191px\" \/><\/a><a href=\"http:\/\/flurkunst.de\/wp-content\/uploads\/2017\/08\/flurkunst-2017-lN-177-gehaltenes-Gl\u00fcck-Buntstift-Aquarell-40x30.jpg\"><img loading=\"lazy\" class=\"alignnone wp-image-21\" src=\"http:\/\/flurkunst.de\/wp-content\/uploads\/2017\/08\/flurkunst-2017-lN-177-gehaltenes-Gl\u00fcck-Buntstift-Aquarell-40x30-225x300.jpg\" alt=\"\" width=\"193\" height=\"257\" srcset=\"http:\/\/www.flurkunst.de\/wp-content\/uploads\/2017\/08\/flurkunst-2017-lN-177-gehaltenes-Gl\u00fcck-Buntstift-Aquarell-40x30-225x300.jpg 225w, http:\/\/www.flurkunst.de\/wp-content\/uploads\/2017\/08\/flurkunst-2017-lN-177-gehaltenes-Gl\u00fcck-Buntstift-Aquarell-40x30.jpg 375w\" sizes=\"(max-width: 193px) 100vw, 193px\" \/>\u00a0\u00a0\u00a0\u00a0<\/a><img loading=\"lazy\" class=\"alignnone wp-image-22\" src=\"http:\/\/flurkunst.de\/wp-content\/uploads\/2017\/08\/flurkunst-2017-lN-178-malo-rt-Gl\u00fcck-Buntstift-17x23-300x223.jpg\" alt=\"\" width=\"220\" height=\"164\" srcset=\"http:\/\/www.flurkunst.de\/wp-content\/uploads\/2017\/08\/flurkunst-2017-lN-178-malo-rt-Gl\u00fcck-Buntstift-17x23-300x223.jpg 300w, http:\/\/www.flurkunst.de\/wp-content\/uploads\/2017\/08\/flurkunst-2017-lN-178-malo-rt-Gl\u00fcck-Buntstift-17x23.jpg 673w\" sizes=\"(max-width: 220px) 100vw, 220px\" \/><\/p>\n<p>Vierblatt \u00a0 \u00a0 \u00a0 \u00a0 \u00a0 \u00a0 \u00a0 \u00a0 \u00a0 \u00a0 \u00a0 \u00a0 \u00a0 \u00a0 \u00a0 \u00a0 \u00a0 Gehaltenes Gl\u00fcck \u00a0 \u00a0 \u00a0 \u00a0 \u00a0 \u00a0 \u00a0 \u00a0 \u00a0 \u00a0 Malortgl\u00fcck<\/p>\n<p>Mischtechnik \u00a02017, \u00a0 \u00a0 \u00a0 \u00a0 \u00a0 \u00a0 \u00a0 Aquarell Buntstift 2017, \u00a0 \u00a0 \u00a0 \u00a0 Aquarell Buntstift \u00a0 \u00a0 \u00a0 \u00a0 2017,<\/p>\n<p>&nbsp;<\/p>\n","protected":false},"excerpt":{"rendered":"<p>J\u00f6rg Rinninsland (Jahrgang 1958) ist Lehrer und Kunsttherapeut. Von fr\u00fcher Kindheit an war das eigene Malen, gef\u00f6rdert durch den Vater, selbstverst\u00e4ndlicher Bestandteil seines Lebens. Als Krankenhausschullehrer stand das Begleiten des Malens der Rehabiltanden und schlie\u00dflich die Ausstellung der entstandenen Bilder lange Zeit im Vordergrund. Auch die Ausstellung junger K\u00fcnstler in der jungen Galerie in Gailingen [&hellip;]<\/p>\n","protected":false},"author":2,"featured_media":0,"parent":0,"menu_order":0,"comment_status":"closed","ping_status":"closed","template":"","meta":[],"_links":{"self":[{"href":"http:\/\/www.flurkunst.de\/index.php?rest_route=\/wp\/v2\/pages\/198"}],"collection":[{"href":"http:\/\/www.flurkunst.de\/index.php?rest_route=\/wp\/v2\/pages"}],"about":[{"href":"http:\/\/www.flurkunst.de\/index.php?rest_route=\/wp\/v2\/types\/page"}],"author":[{"embeddable":true,"href":"http:\/\/www.flurkunst.de\/index.php?rest_route=\/wp\/v2\/users\/2"}],"replies":[{"embeddable":true,"href":"http:\/\/www.flurkunst.de\/index.php?rest_route=%2Fwp%2Fv2%2Fcomments&post=198"}],"version-history":[{"count":5,"href":"http:\/\/www.flurkunst.de\/index.php?rest_route=\/wp\/v2\/pages\/198\/revisions"}],"predecessor-version":[{"id":248,"href":"http:\/\/www.flurkunst.de\/index.php?rest_route=\/wp\/v2\/pages\/198\/revisions\/248"}],"wp:attachment":[{"href":"http:\/\/www.flurkunst.de\/index.php?rest_route=%2Fwp%2Fv2%2Fmedia&parent=198"}],"curies":[{"name":"wp","href":"https:\/\/api.w.org\/{rel}","templated":true}]}}

Jörg Rinninsland

<p><a href="http://www.flurkunst.de/wp-content/uploads/2017/08/DSC05856.jpg"><img loading="lazy" class="alignleft wp-image-142" src="http://www.flurkunst.de/wp-content/uploads/2017/08/DSC05856-1024x683.jpg" alt="" width="389" height="259" srcset="http://www.flurkunst.de/wp-content/uploads/2017/08/DSC05856-1024x683.jpg 1024w, http://www.flurkunst.de/wp-content/uploads/2017/08/DSC05856-300x200.jpg 300w, http://www.flurkunst.de/wp-content/uploads/2017/08/DSC05856-768x512.jpg 768w, http://www.flurkunst.de/wp-content/uploads/2017/08/DSC05856.jpg 1920w" sizes="(max-width: 389px) 100vw, 389px" /></a></p>
<p>Jörg Rinninsland (Jahrgang 1958) ist Lehrer und Kunsttherapeut. Von früher Kindheit an war das eigene Malen, gefördert durch den Vater, selbstverständlicher Bestandteil seines Lebens. Als Krankenhausschullehrer stand das Begleiten des Malens der Rehabiltanden und schließlich die Ausstellung der entstandenen Bilder lange Zeit im Vordergrund. Auch die Ausstellung junger Künstler in der jungen Galerie in Gailingen lagen und liegen ihm am Herzen (<a href="http://www.jungegalerie.de">www.jungegalerie.de</a>). Seit der Jahrtausendwende gewann für ihn das eigene Malen wieder mehr an Bedeutung.</p>
<h2></h2>
<h2><a href="http://flurkunst.de/wp-content/uploads/2017/08/Glücksportraits-Plakatbild.png"><img loading="lazy" class="wp-image-23 aligncenter" src="http://flurkunst.de/wp-content/uploads/2017/08/Glücksportraits-Plakatbild-192x300.png" alt="" width="300" height="469" srcset="http://www.flurkunst.de/wp-content/uploads/2017/08/Glücksportraits-Plakatbild-192x300.png 192w, http://www.flurkunst.de/wp-content/uploads/2017/08/Glücksportraits-Plakatbild-654x1024.png 654w, http://www.flurkunst.de/wp-content/uploads/2017/08/Glücksportraits-Plakatbild.png 718w" sizes="(max-width: 300px) 100vw, 300px" /></a></h2>
<p>In 23 sehr variantenreichen Portraits von Kleeblättern, die sich in Untergrund, Maltechnik, Farbe und inhaltlich voneinander unterscheiden, kommt Jörg Rinninsland dem Glück in seinen verschiedenen Nuancen ein bißchen näher.</p>
<p><a href="http://flurkunst.de/wp-content/uploads/2017/08/flurkunst-2017-lN-176-Vierblatt-Mischtechnik-auf-Leinwand-63x63.jpg"><img loading="lazy" class="alignnone wp-image-20" src="http://flurkunst.de/wp-content/uploads/2017/08/flurkunst-2017-lN-176-Vierblatt-Mischtechnik-auf-Leinwand-63x63-297x300.jpg" alt="" width="191" height="193" srcset="http://www.flurkunst.de/wp-content/uploads/2017/08/flurkunst-2017-lN-176-Vierblatt-Mischtechnik-auf-Leinwand-63x63-297x300.jpg 297w, http://www.flurkunst.de/wp-content/uploads/2017/08/flurkunst-2017-lN-176-Vierblatt-Mischtechnik-auf-Leinwand-63x63-60x60.jpg 60w, http://www.flurkunst.de/wp-content/uploads/2017/08/flurkunst-2017-lN-176-Vierblatt-Mischtechnik-auf-Leinwand-63x63.jpg 495w" sizes="(max-width: 191px) 100vw, 191px" /></a><a href="http://flurkunst.de/wp-content/uploads/2017/08/flurkunst-2017-lN-177-gehaltenes-Glück-Buntstift-Aquarell-40x30.jpg"><img loading="lazy" class="alignnone wp-image-21" src="http://flurkunst.de/wp-content/uploads/2017/08/flurkunst-2017-lN-177-gehaltenes-Glück-Buntstift-Aquarell-40x30-225x300.jpg" alt="" width="193" height="257" srcset="http://www.flurkunst.de/wp-content/uploads/2017/08/flurkunst-2017-lN-177-gehaltenes-Glück-Buntstift-Aquarell-40x30-225x300.jpg 225w, http://www.flurkunst.de/wp-content/uploads/2017/08/flurkunst-2017-lN-177-gehaltenes-Glück-Buntstift-Aquarell-40x30.jpg 375w" sizes="(max-width: 193px) 100vw, 193px" />    </a><img loading="lazy" class="alignnone wp-image-22" src="http://flurkunst.de/wp-content/uploads/2017/08/flurkunst-2017-lN-178-malo-rt-Glück-Buntstift-17x23-300x223.jpg" alt="" width="220" height="164" srcset="http://www.flurkunst.de/wp-content/uploads/2017/08/flurkunst-2017-lN-178-malo-rt-Glück-Buntstift-17x23-300x223.jpg 300w, http://www.flurkunst.de/wp-content/uploads/2017/08/flurkunst-2017-lN-178-malo-rt-Glück-Buntstift-17x23.jpg 673w" sizes="(max-width: 220px) 100vw, 220px" /></p>
<p>Vierblatt                                   Gehaltenes Glück                     Malortglück</p>
<p>Mischtechnik  2017,               Aquarell Buntstift 2017,         Aquarell Buntstift         2017,</p>
<p>&nbsp;</p>

<p>Jörg Rinninsland (Jahrgang 1958) ist Lehrer und Kunsttherapeut. Von früher Kindheit an war das eigene Malen, gefördert durch den Vater, selbstverständlicher Bestandteil seines Lebens. Als Krankenhausschullehrer stand das Begleiten des Malens der Rehabiltanden und schließlich die Ausstellung der entstandenen Bilder lange Zeit im Vordergrund. Auch die Ausstellung junger Künstler in der jungen Galerie in Gailingen [&hellip;]</p>
